{"id":147,"date":"2012-09-10T11:27:18","date_gmt":"2012-09-10T08:27:18","guid":{"rendered":"http:\/\/winw.de\/dsa\/?page_id=147"},"modified":"2020-10-21T17:32:54","modified_gmt":"2020-10-21T14:32:54","slug":"lehrplane","status":"publish","type":"page","link":"https:\/\/winw.de\/dsa\/?page_id=147","title":{"rendered":"Lehrpl\u00e4ne"},"content":{"rendered":"<p>Hier finden Sie das Kerncurriculum\u00a0von 2010 in der Fassung von 2015 f\u00fcr die Deutschen Schulen im Ausland mit den Lehrpl\u00e4nen u. a. f\u00fcr die F\u00e4cher <a href=\"https:\/\/www.kmk.org\/fileadmin\/Dateien\/veroeffentlichungen_beschluesse\/2010\/2010_04_29-Kerncurriculum-Deutsch.pdf\">Deutsch<\/a>, <a href=\"https:\/\/www.kmk.org\/fileadmin\/Dateien\/veroeffentlichungen_beschluesse\/2010\/2010_04_29-Kerncurriculum-Mathematik.pdf\">Mathematik<\/a> und <a href=\"https:\/\/www.kmk.org\/fileadmin\/Dateien\/pdf\/Bildung\/Auslandsschulwesen\/Kerncurriculum\/2010-04-29-Kerncurriculum-Geschichte.pdf\">Geschichte<\/a>.<\/p>\n<p>Die genehmigten Schulcurricula der DSA Bukarest f\u00fcr die F\u00e4cher Deutsch, Geschichte und Mathematik finden Sie hier:<\/p>\n\n\n<div class=\"wp-block-file\"><a href=\"http:\/\/winw.de\/dsa\/wp-content\/uploads\/DSA-Bukarest-Schulcurriculum-Mathematik-Stand-Juni-2017.pdf\">Schulcurriculum-Mathematik-Stand-Juni-2017<\/a><a href=\"http:\/\/winw.de\/dsa\/wp-content\/uploads\/DSA-Bukarest-Schulcurriculum-Mathematik-Stand-Juni-2017.pdf\" class=\"wp-block-file__button\" download>Herunterladen<\/a><\/div>\n\n\n\n<div class=\"wp-block-file\"><a href=\"http:\/\/winw.de\/dsa\/wp-content\/uploads\/Lehrplan-Geschichte-Klasse-9-und-10.pdf\">Lehrplan-Geschichte-Klasse-9-und-10<\/a><a href=\"http:\/\/winw.de\/dsa\/wp-content\/uploads\/Lehrplan-Geschichte-Klasse-9-und-10.pdf\" class=\"wp-block-file__button\" download>Herunterladen<\/a><\/div>\n\n\n\n<div class=\"wp-block-file\"><a href=\"http:\/\/winw.de\/dsa\/wp-content\/uploads\/Lehrplan-Geschichte-Klasse-11-und-12.pdf\">Lehrplan-Geschichte-Klasse-11-und-12<\/a><a href=\"http:\/\/winw.de\/dsa\/wp-content\/uploads\/Lehrplan-Geschichte-Klasse-11-und-12.pdf\" class=\"wp-block-file__button\" download>Herunterladen<\/a><\/div>\n\n\n\n<div class=\"wp-block-file\"><a href=\"http:\/\/winw.de\/dsa\/wp-content\/uploads\/Lehrplan-Deutsch-Klasse-9-und-10.pdf\">Lehrplan-Deutsch-Klasse-9-und-10<\/a><a href=\"http:\/\/winw.de\/dsa\/wp-content\/uploads\/Lehrplan-Deutsch-Klasse-9-und-10.pdf\" class=\"wp-block-file__button\" download>Herunterladen<\/a><\/div>\n\n\n\n<div class=\"wp-block-file\"><a href=\"http:\/\/winw.de\/dsa\/wp-content\/uploads\/Lehrplan-Deutsch-Klasse-11-und-12.pdf\">Lehrplan-Deutsch-Klasse-11-und-12<\/a><a href=\"http:\/\/winw.de\/dsa\/wp-content\/uploads\/Lehrplan-Deutsch-Klasse-11-und-12.pdf\" class=\"wp-block-file__button\" download>Herunterladen<\/a><\/div>\n","protected":false},"excerpt":{"rendered":"<p>Hier finden Sie das Kerncurriculum\u00a0von 2010 in der Fassung von 2015 f\u00fcr die Deutschen Schulen im Ausland mit den Lehrpl\u00e4nen u. a. f\u00fcr die F\u00e4cher Deutsch, Mathematik und Geschichte. Die genehmigten Schulcurricula der DSA Bukarest f\u00fcr die F\u00e4cher Deutsch, Geschichte und Mathematik finden Sie hier:<\/p>\n","protected":false},"author":1,"featured_media":0,"parent":57,"menu_order":0,"comment_status":"closed","ping_status":"closed","template":"","meta":{"footnotes":""},"class_list":["post-147","page","type-page","status-publish","hentry"],"publishpress_future_action":{"enabled":false,"date":"2026-05-01 15:18:09","action":"change-status","newStatus":"draft","terms":[],"taxonomy":""},"publishpress_future_workflow_manual_trigger":{"enabledWorkflows":[]},"_links":{"self":[{"href":"https:\/\/winw.de\/dsa\/index.php?rest_route=\/wp\/v2\/pages\/147","targetHints":{"allow":["GET"]}}],"collection":[{"href":"https:\/\/winw.de\/dsa\/index.php?rest_route=\/wp\/v2\/pages"}],"about":[{"href":"https:\/\/winw.de\/dsa\/index.php?rest_route=\/wp\/v2\/types\/page"}],"author":[{"embeddable":true,"href":"https:\/\/winw.de\/dsa\/index.php?rest_route=\/wp\/v2\/users\/1"}],"replies":[{"embeddable":true,"href":"https:\/\/winw.de\/dsa\/index.php?rest_route=%2Fwp%2Fv2%2Fcomments&post=147"}],"version-history":[{"count":12,"href":"https:\/\/winw.de\/dsa\/index.php?rest_route=\/wp\/v2\/pages\/147\/revisions"}],"predecessor-version":[{"id":3335,"href":"https:\/\/winw.de\/dsa\/index.php?rest_route=\/wp\/v2\/pages\/147\/revisions\/3335"}],"up":[{"embeddable":true,"href":"https:\/\/winw.de\/dsa\/index.php?rest_route=\/wp\/v2\/pages\/57"}],"wp:attachment":[{"href":"https:\/\/winw.de\/dsa\/index.php?rest_route=%2Fwp%2Fv2%2Fmedia&parent=147"}],"curies":[{"name":"wp","href":"https:\/\/api.w.org\/{rel}","templated":true}]}}