{"id":1966,"date":"2016-02-23T14:57:44","date_gmt":"2016-02-23T12:57:44","guid":{"rendered":"http:\/\/winw.de\/dsa\/?page_id=1966"},"modified":"2016-02-23T14:57:44","modified_gmt":"2016-02-23T12:57:44","slug":"bericht-vom-mathetag-2016","status":"publish","type":"page","link":"https:\/\/winw.de\/dsa\/?page_id=1966","title":{"rendered":"Bericht vom Mathetag 2016"},"content":{"rendered":"<h1><strong>Mathematik? Zu anstrengend&#8230;<\/strong><\/h1>\n<h1><strong><span class=\"il\">Mathetag<\/span>? Absolutes Drama !<\/strong><\/h1>\n<div>Die zwei Klassen: 9a Mathematik-Informatik und die 9c Spezialabteilung mussten zusammen arbeiten, um die Mathematik im Alltag zu verstehen, und um es letzendlich am 04. Februar \u00a0zu pr\u00e4sentieren.<\/div>\n<div>Die Sch\u00fcler bekammen ein Programm des Projekttages, in dem\u00a0die Reihenfolge der Themen und die viel verdienten Pausen standen. Und&#8230; Es ging los.<\/div>\n<div><\/div>\n<div>&#8220;Lohnt sich Lotto?&#8221;, war die erste Frage gewesen.<\/div>\n<div><\/div>\n<div>&#8220;Wie hoch sind\u00a0die Chancen sein, sich in einem Saal zu befinden, wo eine andere Person am selben <span class=\"il\">Tag<\/span> Geburtstag feiert?&#8221; Das ist der Geburtstag-Paradoxon, das am \u00a0<span class=\"il\">Mathetag<\/span>\u00a0auch praktisch &#8220;bewiesen&#8221; wurde, denn es gab 3 Paare, die am selben <span class=\"il\">Tag<\/span> Geburtstag hatten.<\/div>\n<div><\/div>\n<div>Bei\u00a0den Spielen &#8220;Master-Mind&#8221; und &#8220;Tangram&#8221; ging es um die Anzahl der verschiedenen M\u00f6glichkeiten sowie um m\u00f6glichst optimale\u00a0Strategien.<\/div>\n<div><\/div>\n<div>F\u00fcr K\u00fcnstler und Naturliebhaber wurde &#8220;Der goldene Schnitt&#8221; \u00a0im Zusammenhang mit der Kreativit\u00e4t den nat\u00fcrlichen und vom Mensch geschaffenen K\u00fcnsten vorgestellt.<\/div>\n<div><\/div>\n<div>Beim Thema &#8220;Zins, Zinseszins und stetige Verzinsung&#8221; lernten die Sch\u00fcler die einfache Zinsesrechnung bei\u00a0Krediten\u00a0oder Spareinlagen. Die &#8220;Pi-Bestimmung&#8221; f\u00fchrte\u00a0sie ein bisschen durch die Geschichte der Mathematik.<\/div>\n<div><\/div>\n<div>&#8220;Gerecht oder \u00a0ungerecht? Warum gibt es kein gerechtes Wahlsystem?&#8221; Diese Frage stellte eine der Gruppen, welche\u00a0die Ungerechtigkeiten der Wahlsysteme vorstellte.<\/div>\n<div><\/div>\n<div>Jeder kommt mal in die Situation,\u00a0Geheimnisse zu behalten. Hat einer jemals versucht, durch Primzahlen zu kommunizieren? Ein anderes Projekt hat gezeigt, wie man mathematisch kommunizieren kann, ohne dass andere es verstehen k\u00f6nnen&#8230; und welche Rolle die Primzahlen dabei spielen.<\/div>\n<div><\/div>\n<div>Es ist ein Wunder, wie Mathematik uns umgibt, ohne dass man es bemerkt. Fast alles, was wir machen, betrifft Mathematik und dank des <span class=\"il\">Mathetags<\/span> wissen jetzt die Sch\u00fcler des Deutschen Goethe-Kollegs das auch. Zus\u00e4tzlich wissen die Nachwuchs-Mathematiker nun auch, wie man ein Hexaflexagon baut und sich \u00fcber die geschenkte Brezel freut! \ud83d\ude42<\/div>\n<div><\/div>\n<div>Text: Daria Maria Hartagan,\u00a0Vladimir Popa (9c)<\/div>\n<div>Fotos: Oliver Manger, Sibylle Mann<\/div>\n","protected":false},"excerpt":{"rendered":"<p>Mathematik? Zu anstrengend&#8230; Mathetag? Absolutes Drama ! Die zwei Klassen: 9a Mathematik-Informatik und die 9c Spezialabteilung mussten zusammen arbeiten, um die Mathematik im Alltag zu verstehen, und um es letzendlich am 04. Februar \u00a0zu pr\u00e4sentieren. Die Sch\u00fcler bekammen ein Programm des Projekttages, in dem\u00a0die Reihenfolge der Themen und die viel verdienten Pausen standen. Und&#8230; Es [&hellip;]<\/p>\n","protected":false},"author":1,"featured_media":0,"parent":0,"menu_order":0,"comment_status":"closed","ping_status":"closed","template":"","meta":{"footnotes":""},"class_list":["post-1966","page","type-page","status-publish","hentry"],"publishpress_future_action":{"enabled":false,"date":"2026-05-01 16:54:59","action":"change-status","newStatus":"draft","terms":[],"taxonomy":""},"publishpress_future_workflow_manual_trigger":{"enabledWorkflows":[]},"_links":{"self":[{"href":"https:\/\/winw.de\/dsa\/index.php?rest_route=\/wp\/v2\/pages\/1966","targetHints":{"allow":["GET"]}}],"collection":[{"href":"https:\/\/winw.de\/dsa\/index.php?rest_route=\/wp\/v2\/pages"}],"about":[{"href":"https:\/\/winw.de\/dsa\/index.php?rest_route=\/wp\/v2\/types\/page"}],"author":[{"embeddable":true,"href":"https:\/\/winw.de\/dsa\/index.php?rest_route=\/wp\/v2\/users\/1"}],"replies":[{"embeddable":true,"href":"https:\/\/winw.de\/dsa\/index.php?rest_route=%2Fwp%2Fv2%2Fcomments&post=1966"}],"version-history":[{"count":1,"href":"https:\/\/winw.de\/dsa\/index.php?rest_route=\/wp\/v2\/pages\/1966\/revisions"}],"predecessor-version":[{"id":1969,"href":"https:\/\/winw.de\/dsa\/index.php?rest_route=\/wp\/v2\/pages\/1966\/revisions\/1969"}],"wp:attachment":[{"href":"https:\/\/winw.de\/dsa\/index.php?rest_route=%2Fwp%2Fv2%2Fmedia&parent=1966"}],"curies":[{"name":"wp","href":"https:\/\/api.w.org\/{rel}","templated":true}]}}