{"id":2774,"date":"2018-03-22T14:50:37","date_gmt":"2018-03-22T12:50:37","guid":{"rendered":"http:\/\/winw.de\/dsa\/?page_id=2774"},"modified":"2019-04-09T14:44:35","modified_gmt":"2019-04-09T11:44:35","slug":"mun-sh-2018","status":"publish","type":"page","link":"https:\/\/winw.de\/dsa\/?page_id=2774","title":{"rendered":"MUN-SH 2019"},"content":{"rendered":"<p>Ehrenwerte Leser, werte Mitglieder der DSA,<\/p>\n<p>Die nachfolgende Sch\u00fcler aus der 11C werden Delegierte eines Landes im Rahmen der MUN-Konferenz 2019 sein; und zwar:<\/p>\n<ul>\n<li>Delegation Haitis:<\/li>\n<\/ul>\n<p>Maria Chiripuci: Generalversammlung;<\/p>\n<p>Marina Ghemigian-Dalea: Kommission f\u00fcr die Rechtstellung der Frau;<\/p>\n<p>Matei Todor: Vertragstaatenkonferenz der UN-Klimarahmenkonvention.<\/p>\n<ul>\n<li>Delegation Kroatiens:<\/li>\n<\/ul>\n<p>Ana-Maria Hinkov:\u00a0Vertragstaatenkonferenz der UN-Klimarahmenkonvention;<\/p>\n<p>Stefan Lazar:\u00a0Generalversammlung;<\/p>\n<p>David Nitu: Sicherheitsrat.<\/p>\n<ul>\n<li>Delegation der Schweiz:<\/li>\n<\/ul>\n<p>Timea Boboc-Darvas:\u00a0Vertragstaatenkonferenz der UN-Klimarahmenkonvention;<\/p>\n<p>Daria Molete: Generalversammlung.<\/p>\n<ul>\n<li>Delegation Australiens:<\/li>\n<\/ul>\n<p>Mara Ropota:\u00a0Vertragstaatenkonferenz der UN-Klimarahmenkonvention;<\/p>\n<p>Ana-Maria Mamularu: Generalversammlung.<\/p>\n<p><a href=\"http:\/\/winw.de\/dsa\/wp-content\/uploads\/WhatsApp-Image-2019-03-18-at-01.59.11.jpeg\"><img loading=\"lazy\" decoding=\"async\" class=\"aligncenter wp-image-2975 \" src=\"http:\/\/winw.de\/dsa\/wp-content\/uploads\/WhatsApp-Image-2019-03-18-at-01.59.11-1024x768.jpeg\" alt=\"\" width=\"386\" height=\"290\" srcset=\"https:\/\/winw.de\/dsa\/wp-content\/uploads\/WhatsApp-Image-2019-03-18-at-01.59.11-1024x768.jpeg 1024w, https:\/\/winw.de\/dsa\/wp-content\/uploads\/WhatsApp-Image-2019-03-18-at-01.59.11-300x225.jpeg 300w, https:\/\/winw.de\/dsa\/wp-content\/uploads\/WhatsApp-Image-2019-03-18-at-01.59.11-768x576.jpeg 768w, https:\/\/winw.de\/dsa\/wp-content\/uploads\/WhatsApp-Image-2019-03-18-at-01.59.11.jpeg 1280w\" sizes=\"auto, (max-width: 386px) 100vw, 386px\" \/><\/a><\/p>\n<p>Lernen Sie auch unsere Vorfahren aus MUN-SH 2018 kennen!<\/p>\n<p>Die nachfolgende Gruppe von Teilnehmer am MUN-Projekt 2018 besteht aus 10 Sch\u00fcler aus der 11.C; und zwar: Elise Badiu (Friends of the Earth) , Daiana Caruntu (Belarus), Valentin Cheran (Neuseeland), Stefania Dutescu (Thailand), Alessandra Lazariuc (Thailand), Sanziana Maximeasa (Friends of the Earth), Ana Nicolescu (Neuseeland), Alexandra Onea (Neuseeland), Vladimir Popa (Belarus) und Cristiana Popescu (Belarus). Sie wurden von der Gschichtslehrerin, Frau Jeshak, begleitet.<\/p>\n<p>Ehrenwerte Leser, werte Mitglieder der DSA,<\/p>\n<p>Wir haben die ber\u00fchmte Tradition auch dieses Jahr weitergef\u00fchrt, damit auch die jungere Generation eine Stimme in den Vereinten Nationen haben kann.<br \/>\nGemeinsam mit den anderen Reprasentanten verschiedener L\u00e4nder haben wir die Weltproblematik behandelt.<\/p>\n<p>Bis wir Kiel erreicht haben, haben wir ein langes Weg durchgef\u00fchrt. Die Jugendherberge war unser Endziel.<br \/>\nAm Abend sind wir zu einer Veranstalltung gegangen, wo sich Seine Exzellenz, der Generalsekret\u00e4r, vorgestellt hat. Alle erwarteten ein alter Mann zu sein, anstatt kam ein Mann von etwa 25 Jahre, den wir \u201cDie Gurke\u201d genannt haben.<\/p>\n<p>Am n\u00e4chsten Morgen geht es los. Die Busfahrt durch den Regen (keiner von uns hatte ein Regenschirm) bringt uns ans Ziel: den schleswig-holsteinischen Landtag. Hier werden in den n\u00e4chsten drei Tagen Entscheidungen \u00fcber das Schicksal der Menschheit getroffen. Als wir den Gremium betreten haben, wartete auf uns das Landesschild mit unserer Namen.<br \/>\nMehr als 10 Stunden verbringen ,,die Munchichies\u201d in diesen S\u00e4len, hart arbeitend. Es war ein gro\u00dfer Erfolg! Der Wirtschafts- und Sozialrat l\u00f6ste das Problem der \u201cnachhaltigen Entwicklung\u201d, sowohl durch die eigene Resolutionsentw\u00fcrfe als auch durch das Akzeptieren der Resolutionen der Untergremien: Hochrangiges Politisches Forum und Die Rechtstellung der Frau; die Generalversammlung diskutierte unheimlich viel und kam, letztendlich zu einem Entschluss zu dem Thema \u201cVerst\u00e4rkung der Zivillgesellschaft\u201d. Konflikte haben dabei nicht gefehlt: Russland mit USA und Japan dr\u00fcckten unter anderem immer wieder ihre entgegengesetzten Meinungen aus.<\/p>\n<p>Nach Dem Abschluss der Arbeit genie\u00dfen wir eine wohlverdiente Party, n\u00e4mlich den Diplomatenball, der mit dem Walzer der Generalsekret\u00e4r und der Generalsekret\u00e4rin begonnen hat.<br \/>\nWir haben eine schone Zeit dort verbracht!<br \/>\nP.S: Ihr braucht keine Tanzkursen vor dem Ball! \ud83d\ude42<\/p>\n<p>Der letzte Tag sind wir durch Hamburg gelaufen, um eine schnelle Runde Schopping zu machen.<\/p>\n<p>Traurig und m\u00fcde warten wir im Flughafen, bei der Abreise. Eine sch\u00f6ne Erfahrung ist zu schnell vergangen.<\/p>\n","protected":false},"excerpt":{"rendered":"<p>Ehrenwerte Leser, werte Mitglieder der DSA, Die nachfolgende Sch\u00fcler aus der 11C werden Delegierte eines Landes im Rahmen der MUN-Konferenz 2019 sein; und zwar: Delegation Haitis: Maria Chiripuci: Generalversammlung; Marina Ghemigian-Dalea: Kommission f\u00fcr die Rechtstellung der Frau; Matei Todor: Vertragstaatenkonferenz der UN-Klimarahmenkonvention. Delegation Kroatiens: Ana-Maria Hinkov:\u00a0Vertragstaatenkonferenz der UN-Klimarahmenkonvention; Stefan Lazar:\u00a0Generalversammlung; David Nitu: Sicherheitsrat. Delegation der [&hellip;]<\/p>\n","protected":false},"author":45,"featured_media":0,"parent":0,"menu_order":0,"comment_status":"closed","ping_status":"closed","template":"","meta":{"footnotes":""},"class_list":["post-2774","page","type-page","status-publish","hentry"],"publishpress_future_action":{"enabled":false,"date":"2026-05-01 16:56:12","action":"change-status","newStatus":"draft","terms":[],"taxonomy":""},"publishpress_future_workflow_manual_trigger":{"enabledWorkflows":[]},"_links":{"self":[{"href":"https:\/\/winw.de\/dsa\/index.php?rest_route=\/wp\/v2\/pages\/2774","targetHints":{"allow":["GET"]}}],"collection":[{"href":"https:\/\/winw.de\/dsa\/index.php?rest_route=\/wp\/v2\/pages"}],"about":[{"href":"https:\/\/winw.de\/dsa\/index.php?rest_route=\/wp\/v2\/types\/page"}],"author":[{"embeddable":true,"href":"https:\/\/winw.de\/dsa\/index.php?rest_route=\/wp\/v2\/users\/45"}],"replies":[{"embeddable":true,"href":"https:\/\/winw.de\/dsa\/index.php?rest_route=%2Fwp%2Fv2%2Fcomments&post=2774"}],"version-history":[{"count":5,"href":"https:\/\/winw.de\/dsa\/index.php?rest_route=\/wp\/v2\/pages\/2774\/revisions"}],"predecessor-version":[{"id":2976,"href":"https:\/\/winw.de\/dsa\/index.php?rest_route=\/wp\/v2\/pages\/2774\/revisions\/2976"}],"wp:attachment":[{"href":"https:\/\/winw.de\/dsa\/index.php?rest_route=%2Fwp%2Fv2%2Fmedia&parent=2774"}],"curies":[{"name":"wp","href":"https:\/\/api.w.org\/{rel}","templated":true}]}}