{"id":292,"date":"2012-10-31T14:53:44","date_gmt":"2012-10-31T12:53:44","guid":{"rendered":"http:\/\/winw.de\/dsa\/?page_id=292"},"modified":"2018-03-22T14:33:16","modified_gmt":"2018-03-22T12:33:16","slug":"model-united-nations-mun","status":"publish","type":"page","link":"https:\/\/winw.de\/dsa\/?page_id=292","title":{"rendered":"Model United Nations Schleswig-Holstein (MUN-SH) 2015\/2016"},"content":{"rendered":"<p style=\"text-align: center\"><a href=\"http:\/\/winw.de\/dsa\/wp-content\/uploads\/download.jpg\"><img loading=\"lazy\" decoding=\"async\" class=\"alignnone size-full wp-image-1635\" src=\"http:\/\/winw.de\/dsa\/wp-content\/uploads\/download.jpg\" alt=\"download\" width=\"239\" height=\"211\" \/><\/a><a style=\"line-height: 1.5em\" href=\"http:\/\/winw.de\/dsa\/wp-content\/uploads\/mun.jpg\"><br \/>\n<\/a>MUN-2015<\/p>\n<p style=\"text-align: center\">Die<span style=\"line-height: 1.5em\">\u00a0neue Gru<\/span><span style=\"line-height: 1.5em\">ppe von Teilnehme<\/span><span style=\"line-height: 1.5em\">r am n\u00e4chst-j\u00e4hrigen MUN<\/span><span style=\"line-height: 1.5em\">-Projekt (Model United Nations,\u00a0<\/span><span style=\"line-height: 1.5em\">eine Sim<\/span><span style=\"line-height: 1.5em\">ulation der UN Konferenz) wurde schon gew\u00e4hlt! Die gew\u00fcnschten L\u00e4nder sind Indonesien, Malaysien, <em>\u00c4<\/em>thiopien und Griechenland, f\u00fcr die Dragan Sandra, Sabie Catalina, <\/span><span style=\"line-height: 1.5em\">Olteanu\u00a0<\/span><span style=\"line-height: 1.5em\">Ana-Maria \u00a0und Balotescu Alexandru, bzw. Creimerman Boris, Musat Ioana, Bubeneck Andrei, Veliant Robert, Buzatu Sara und Teodorescu Maria verantwortlich sind. Sie werden Ende Februar nach Kiel einen Ausflug machen und dort ihre Forschungen pr\u00e4sentieren und besprechen.<\/span><\/p>\n<p style=\"text-align: center\">MUN-2016<\/p>\n<p style=\"text-align: center\">10 weitere Sch\u00fcler werden am MUN-Projekt teilnehmen und befinden sich kurz von der Abreise, n\u00e4mlich Anton Luca, Ciobotar Monica, Cojocaru Alexandra, Lacatusu Ana-Maria, Lazariuc Ilinca Teodora, Matache Maria, Samarghitan Diana, Stoica Andreea, Teodoreci Alexandra und Tudose Miruna.<\/p>\n<p style=\"text-align: center\">Viel Gl\u00fcck!<\/p>\n<p style=\"text-align: center\"><a href=\"http:\/\/winw.de\/dsa\/wp-content\/uploads\/12718045_808182019315115_1920933861787550758_n.jpg\"><img loading=\"lazy\" decoding=\"async\" class=\"alignnone size-medium wp-image-2008\" src=\"http:\/\/winw.de\/dsa\/wp-content\/uploads\/12718045_808182019315115_1920933861787550758_n-300x232.jpg\" alt=\"12718045_808182019315115_1920933861787550758_n\" width=\"300\" height=\"232\" srcset=\"https:\/\/winw.de\/dsa\/wp-content\/uploads\/12718045_808182019315115_1920933861787550758_n-300x232.jpg 300w, https:\/\/winw.de\/dsa\/wp-content\/uploads\/12718045_808182019315115_1920933861787550758_n.jpg 960w\" sizes=\"auto, (max-width: 300px) 100vw, 300px\" \/><\/a><\/p>\n<p style=\"text-align: center\">Ergebnisse des Projekts MUN-SH:<\/p>\n<p style=\"text-align: center\">Werte Leser, ehrenwerte Mitglieder der DSA, werte Vertreter der Zivilgesellschaft,<\/p>\n<p style=\"text-align: center\">MUN-SH ist schon eine ber\u00fchmte Tradition der Spezialabteilung, woran j\u00e4hrlich 10 Mitsch\u00fcler aus der 11. Klasse teilnehmen. MUN-SH steht f\u00fcr Model United Nations Schleswig-Holstein. Es simuliert das Treffen der Vereinten Nationen, indem es den Sch\u00fclern\/Sch\u00fclerInnen und jungen Studierenden einen detailierten Einblick in die gemeinsame Behandlung der Weltprobleme gibt. Als Delegierte eines Landes oder Vertreter einer NGO, m\u00fcssen sich die Teilnehmer innerhalb von 3 Tagen mit verschiedenen aktuellen Problemen auseindersetzten und zu einem Resolutionsentwurf kommen. Da es f\u00fcr uns etwas Neues darstellte, haben sich die meisten von uns am ersten Konferrenztag nicht so viel in den Gremiendiskussionen involviert wie gew\u00fcnscht, aber nachdem wir uns mit dem Protokoll vertraut gemacht haben, lief alles gem\u00fctlich und spannend. Abgerundet wurde die Konferenz inhaltlich mit einem spannenden Rednerabend mit Podiumsdiskussionen, zu denen &#8220;echte&#8221; Kenner der Vereinten Nationen eingeladen wurden. Daneben gab es ein Presse-Team und ein Fernseh-Team, das ebenfalls aus jungen Leuten bestand, und jeden Tag eine Zeitung sowie eine Fernseh-Sendung produzierte. MUN-SH war aber nicht nur eine seri\u00f6se Erfahrung, sondern wir hatten schon Spa\u03b2. Bereits vor unserem Flug: konnten es besonders besonders die M\u00e4dels kaum erwarten, sich zum Dresscode passende Kleider auszusuchen. Unsere intensive Arbeit und aktive Partizipazion wurde am letzten Abend mit einem Delegatenball belohnt: ausgezeichnete Kleider, elegante Verzierungen und magische T\u00e4nze z\u00e4hlten zu den Faktoren, die diesem Abend unvergesslich machten.<\/p>\n<p style=\"text-align: center\">MUN-SH ist ein einzigartiges Erlebnis, das alle von uns mit Begeisterung wiederholen w\u00fcrden und das uns die Gelegenheit geboten hat, eine Woche wie Diplomaten zu handeln und kompromissbereit an einer L\u00f6sung gravierender Probleme zu arbeiten. Die \u201eMUNchichies\u201c empfehlen der j\u00fcngeren Generation dieses Projekt auf keinen Fall zu verpassen, da es eine einmalige, wunderbare Erfahrung ist.<\/p>\n<p style=\"text-align: center\">Am Beispiel der Delegation Albaniens kann man sich an den Erfahrungen von\u00a0 MUN-SH 2016 ann\u00e4hern.<\/p>\n<p style=\"text-align: center\">Die deutsche Spezialabteilung hat in diesem Jahr 10 Sch\u00fcler f\u00fcr Model United Nations Schleswig-Holstein 2016 geliefert, von welchen vier die Delegation der Republik Albanien gebildet haben: Andreea Stoica, Alexandra Cojocaru, Ana Lacatusu und Anton Luca-Dorin. Die Sch\u00fcler sind in die Rollen der Delegierten geschl\u00fcpft und haben die Interessen Albaniens innerhalb von vier Gremien repr\u00e4sentiert.<\/p>\n<p style=\"text-align: center\">Es war sicherlich nicht einfach, die Position eiens Entwicklungslandes zu vertreten, da mehrere Male Informatioenen, die f\u00fcr die inhaltliche Vorbereitung der Delegierten vorhanden sein m\u00fcssten, einfach fehlten. Trotzdem haben diese Delegierten die notwendigen Posiitionspapiere erarbeitet und die Interessen des Landes durch komplexe Reden und aktive Beteiligung an dauerhaften Debatten vertreten. Die Delegation Albaniens hat nat\u00fcrlich auch mit den anderen zwei Delegationen, die von der DSA entsandt wurden, n\u00e4mlich die Delegation El Salvadors und die Delegation Zimbabwes, sehr gut kommuniziert und sich gegenseitig unterst\u00fctzt. Nur mit den Delegierten Serbiens konnte man keine langfristige Freundschaft schlie\u00dfen, aber das ist anhand des Konflikts um die Zukunft des Kosovos leicht zu erkl\u00e4ren.<\/p>\n<p style=\"text-align: center\">Diana Samarghitan und Anton Luca-Dorin (XI-C)<\/p>\n<p>&nbsp;<\/p>\n","protected":false},"excerpt":{"rendered":"<p>MUN-2015 Die\u00a0neue Gruppe von Teilnehmer am n\u00e4chst-j\u00e4hrigen MUN-Projekt (Model United Nations,\u00a0eine Simulation der UN Konferenz) wurde schon gew\u00e4hlt! Die gew\u00fcnschten L\u00e4nder sind Indonesien, Malaysien, \u00c4thiopien und Griechenland, f\u00fcr die Dragan Sandra, Sabie Catalina, Olteanu\u00a0Ana-Maria \u00a0und Balotescu Alexandru, bzw. Creimerman Boris, Musat Ioana, Bubeneck Andrei, Veliant Robert, Buzatu Sara und Teodorescu Maria verantwortlich sind. Sie werden [&hellip;]<\/p>\n","protected":false},"author":1,"featured_media":0,"parent":1908,"menu_order":0,"comment_status":"closed","ping_status":"closed","template":"","meta":{"footnotes":""},"class_list":["post-292","page","type-page","status-publish","hentry"],"publishpress_future_action":{"enabled":false,"date":"2026-05-01 16:54:49","action":"change-status","newStatus":"draft","terms":[],"taxonomy":""},"publishpress_future_workflow_manual_trigger":{"enabledWorkflows":[]},"_links":{"self":[{"href":"https:\/\/winw.de\/dsa\/index.php?rest_route=\/wp\/v2\/pages\/292","targetHints":{"allow":["GET"]}}],"collection":[{"href":"https:\/\/winw.de\/dsa\/index.php?rest_route=\/wp\/v2\/pages"}],"about":[{"href":"https:\/\/winw.de\/dsa\/index.php?rest_route=\/wp\/v2\/types\/page"}],"author":[{"embeddable":true,"href":"https:\/\/winw.de\/dsa\/index.php?rest_route=\/wp\/v2\/users\/1"}],"replies":[{"embeddable":true,"href":"https:\/\/winw.de\/dsa\/index.php?rest_route=%2Fwp%2Fv2%2Fcomments&post=292"}],"version-history":[{"count":25,"href":"https:\/\/winw.de\/dsa\/index.php?rest_route=\/wp\/v2\/pages\/292\/revisions"}],"predecessor-version":[{"id":3866,"href":"https:\/\/winw.de\/dsa\/index.php?rest_route=\/wp\/v2\/pages\/292\/revisions\/3866"}],"up":[{"embeddable":true,"href":"https:\/\/winw.de\/dsa\/index.php?rest_route=\/wp\/v2\/pages\/1908"}],"wp:attachment":[{"href":"https:\/\/winw.de\/dsa\/index.php?rest_route=%2Fwp%2Fv2%2Fmedia&parent=292"}],"curies":[{"name":"wp","href":"https:\/\/api.w.org\/{rel}","templated":true}]}}