{"id":313,"date":"2012-11-01T06:20:05","date_gmt":"2012-11-01T04:20:05","guid":{"rendered":"http:\/\/winw.de\/dsa\/?page_id=313"},"modified":"2022-06-21T08:35:13","modified_gmt":"2022-06-21T05:35:13","slug":"mathematik","status":"publish","type":"page","link":"https:\/\/winw.de\/dsa\/?page_id=313","title":{"rendered":"Mathematik"},"content":{"rendered":"\n<p><\/p>\n\n\n<h1>Lerntipps Mathematik<\/h1>\n<p><strong><a href=\"http:\/\/matheabi-bw.de\">matheabi-bw.de&nbsp;<\/a><\/strong>&#8211; Website, wo Abituraufgaben aus den vorigen Jahren verf\u00fcgbar sind<\/p>\n<p><a href=\"http:\/\/www.wolframalpha.com\" target=\"_blank\" rel=\"noopener noreferrer\"><strong>wolframalpha.com<\/strong> <\/a>&#8211; Webseite von den Machern der Software &#8220;Mathematica&#8221;, sehr m\u00e4chtiges Web-Tool, viele Funktionen, teilweise mit Step-by-Step-L\u00f6sungen (drei pro Tag nach Registrierung kostenlos), inzwischen leider nur noch eingeschr\u00e4nkt werbefrei, englisch.<\/p>\n<p><a href=\"http:\/\/www.geogebra.org\" target=\"_blank\" rel=\"noopener noreferrer\"><strong>geogebra.org<\/strong><\/a> &#8211; Open-Source-Software zur Visualisierung und Berechnung von Geometrie- und Algebraaufgaben, ideal zum Zeichnen von Funktionsgraphen, dauerhaft kostenlos, Programm in mehreren Sprachen.<\/p>\n<p><a href=\"http:\/\/www.matheguru.com\/\" target=\"_blank\" rel=\"noopener noreferrer\"><strong> matheguru.com<\/strong><\/a> &#8211; Mit \u00fcber 150 Artikeln und \u00fcber 100 interaktiven \u00dcbungen geh\u00f6rt MatheGuru.com zu den umfangreichsten Mathematikseiten im deutschsprachigen Internet. Zahlreiche farbige Abbildungen visualisieren die einzelnen Sachverhalte und helfen beim Verst\u00e4ndnis. Viele weitere interaktive Online-Apps veranschaulichen sonst schwierige mathematische Sachverhalte.<\/p>\n<p><strong><a href=\"http:\/\/http:\/\/www.abiturloesung.de\/\" target=\"_blank\" rel=\"noopener noreferrer\">abiturloesung.de<\/a>&nbsp;<\/strong>&#8211; F\u00fcr diejenigen, die sich nach wirklichkeitsgetreuen Abituraufgaben mit detaillierten L\u00f6sungen sehnen.<\/p>\n<p>Anleitungen zur Verwendung des wissenschaftlichen Taschenrechners:<\/p>\n<ul>\n<li>WTR Casio fx-991 DE PLUS:&nbsp;(<a href=\"https:\/\/www.casio-schulrechner.de\/materialdatenbanken\/data\/Kurzanleitung%20FX991DE%20PLUS%20Einseitig.pdf\">kurz, 16 Seiten<\/a>)&nbsp;(<a href=\"http:\/\/support.casio.com\/storage\/de\/manual\/pdf\/DE\/004\/fx-86_991DE_PLUS_DE.pdf\">lang, 66 Seiten<\/a>)<\/li>\n<li>WTR Casio fx-991 DE X:&nbsp;(<a href=\"https:\/\/www.casio-schulrechner.de\/materialdatenbanken\/data\/Kurzanleitung_FX-991DE%20X.pdf\">kurz, 16 Seiten<\/a>)&nbsp;(<a href=\"http:\/\/support.casio.com\/storage\/de\/manual\/pdf\/DE\/004\/fx-87_991DEX_DE.pdf\">lang, 58 Seiten<\/a>)<\/li>\n<li>GTR Casio fx-9860GII:&nbsp;(<a href=\"http:\/\/casio-schulrechner.de\/de\/download\/materialdatenbank\/Kurzanleitung_FX-9860GII.pdf\">kurz, 44 Seiten<\/a>)&nbsp;(<a href=\"http:\/\/support.casio.com\/storage\/de\/manual\/pdf\/DE\/004\/fx-9860GII_Soft_DE.pdf\">lang, &gt;500 Seiten<\/a>)<\/li>\n<li><a href=\"http:\/\/matheabi-bw.de\/index.php\/analysis-mit-gtr\/casio-fx-9860gii8\">Beispiele f\u00fcr die Anwendung des Taschenrechners<\/a><\/li>\n<li><a href=\"http:\/\/digischool.nl\/wi\/rekenmachines\/CASIO-9860\/fx9860emulator.exe\">GTR Emulator<\/a><\/li>\n<\/ul>\n<p>Die Operatorenliste f\u00fcr das Fach Mathematik finden Sie <a href=\"https:\/\/www.kmk.org\/fileadmin\/Dateien\/pdf\/Bildung\/Auslandsschulwesen\/Kerncurriculum\/Auslandsschulwesen-Operatoren-Mathematik-10-2012.pdf\">hier<\/a>. (Stand: Oktober 2012, \u00fcberarbeitet)<\/p>\n<p><\/p>\n<h1>Schulcurriculum Mathematik<\/h1>\n\n\n<div data-wp-interactive=\"core\/file\" class=\"wp-block-file\"><object data-wp-bind--hidden=\"!state.hasPdfPreview\" hidden class=\"wp-block-file__embed\" data=\"http:\/\/winw.de\/dsa\/wp-content\/uploads\/DSA-Bukarest-Schulcurriculum-Mathematik-Stand-Juni-2017-2.pdf\" type=\"application\/pdf\" style=\"width:100%;height:600px\" aria-label=\"Einbettung von Einbettung von DSA-Bukarest-Schulcurriculum-Mathematik-Stand-Juni-2017-2..\"><\/object><a id=\"wp-block-file--media-ef24a0ac-05b5-4c58-bc17-5162e4b57bdd\" href=\"http:\/\/winw.de\/dsa\/wp-content\/uploads\/DSA-Bukarest-Schulcurriculum-Mathematik-Stand-Juni-2017-2.pdf\">DSA-Bukarest-Schulcurriculum-Mathematik-Stand-Juni-2017-2<\/a><a href=\"http:\/\/winw.de\/dsa\/wp-content\/uploads\/DSA-Bukarest-Schulcurriculum-Mathematik-Stand-Juni-2017-2.pdf\" class=\"wp-block-file__button\" download aria-describedby=\"wp-block-file--media-ef24a0ac-05b5-4c58-bc17-5162e4b57bdd\">Herunterladen<\/a><\/div>\n\n\n\n<div style=\"height:20px\" aria-hidden=\"true\" class=\"wp-block-spacer\"><\/div>\n\n\n\n<figure class=\"wp-block-gallery has-nested-images columns-default is-cropped wp-block-gallery-1 is-layout-flex wp-block-gallery-is-layout-flex\">\n<figure class=\"wp-block-image size-large\"><a href=\"http:\/\/winw.de\/dsa\/wp-content\/uploads\/2020-10-20-Foto-GoogleMail-e1633517002333.jpg\"><img loading=\"lazy\" decoding=\"async\" width=\"466\" height=\"542\" data-id=\"3222\" src=\"http:\/\/winw.de\/dsa\/wp-content\/uploads\/2020-10-20-Foto-GoogleMail-e1633517002333.jpg\" alt=\"\" class=\"wp-image-3222\" srcset=\"https:\/\/winw.de\/dsa\/wp-content\/uploads\/2020-10-20-Foto-GoogleMail-e1633517002333.jpg 466w, https:\/\/winw.de\/dsa\/wp-content\/uploads\/2020-10-20-Foto-GoogleMail-e1633517002333-258x300.jpg 258w\" sizes=\"auto, (max-width: 466px) 100vw, 466px\" \/><\/a><figcaption>Herr Festring<\/figcaption><\/figure>\n\n\n\n<figure class=\"wp-block-image size-large\"><a href=\"http:\/\/winw.de\/dsa\/wp-content\/uploads\/MERZ.jpg\"><img loading=\"lazy\" decoding=\"async\" width=\"3158\" height=\"2894\" data-id=\"3257\" src=\"http:\/\/winw.de\/dsa\/wp-content\/uploads\/MERZ.jpg\" alt=\"\" class=\"wp-image-3257\" srcset=\"https:\/\/winw.de\/dsa\/wp-content\/uploads\/MERZ.jpg 3158w, https:\/\/winw.de\/dsa\/wp-content\/uploads\/MERZ-300x275.jpg 300w, https:\/\/winw.de\/dsa\/wp-content\/uploads\/MERZ-768x704.jpg 768w, https:\/\/winw.de\/dsa\/wp-content\/uploads\/MERZ-1024x938.jpg 1024w\" sizes=\"auto, (max-width: 3158px) 100vw, 3158px\" \/><\/a><figcaption>Herr Merz<\/figcaption><\/figure>\n<figcaption class=\"blocks-gallery-caption\">Derzeit sind Herr Festring und Herr Merz als Mathelehrer in der DSA aktiv.<\/figcaption><\/figure>\n","protected":false},"excerpt":{"rendered":"<p>Lerntipps Mathematik matheabi-bw.de&nbsp;&#8211; Website, wo Abituraufgaben aus den vorigen Jahren verf\u00fcgbar sind wolframalpha.com &#8211; Webseite von den Machern der Software &#8220;Mathematica&#8221;, sehr m\u00e4chtiges Web-Tool, viele Funktionen, teilweise mit Step-by-Step-L\u00f6sungen (drei pro Tag nach Registrierung kostenlos), inzwischen leider nur noch eingeschr\u00e4nkt werbefrei, englisch. geogebra.org &#8211; Open-Source-Software zur Visualisierung und Berechnung von Geometrie- und Algebraaufgaben, ideal zum [&hellip;]<\/p>\n","protected":false},"author":1,"featured_media":0,"parent":82,"menu_order":0,"comment_status":"closed","ping_status":"closed","template":"","meta":{"footnotes":""},"class_list":["post-313","page","type-page","status-publish","hentry"],"publishpress_future_action":{"enabled":false,"date":"2026-05-01 15:16:44","action":"change-status","newStatus":"draft","terms":[],"taxonomy":""},"publishpress_future_workflow_manual_trigger":{"enabledWorkflows":[]},"_links":{"self":[{"href":"https:\/\/winw.de\/dsa\/index.php?rest_route=\/wp\/v2\/pages\/313","targetHints":{"allow":["GET"]}}],"collection":[{"href":"https:\/\/winw.de\/dsa\/index.php?rest_route=\/wp\/v2\/pages"}],"about":[{"href":"https:\/\/winw.de\/dsa\/index.php?rest_route=\/wp\/v2\/types\/page"}],"author":[{"embeddable":true,"href":"https:\/\/winw.de\/dsa\/index.php?rest_route=\/wp\/v2\/users\/1"}],"replies":[{"embeddable":true,"href":"https:\/\/winw.de\/dsa\/index.php?rest_route=%2Fwp%2Fv2%2Fcomments&post=313"}],"version-history":[{"count":22,"href":"https:\/\/winw.de\/dsa\/index.php?rest_route=\/wp\/v2\/pages\/313\/revisions"}],"predecessor-version":[{"id":4271,"href":"https:\/\/winw.de\/dsa\/index.php?rest_route=\/wp\/v2\/pages\/313\/revisions\/4271"}],"up":[{"embeddable":true,"href":"https:\/\/winw.de\/dsa\/index.php?rest_route=\/wp\/v2\/pages\/82"}],"wp:attachment":[{"href":"https:\/\/winw.de\/dsa\/index.php?rest_route=%2Fwp%2Fv2%2Fmedia&parent=313"}],"curies":[{"name":"wp","href":"https:\/\/api.w.org\/{rel}","templated":true}]}}