{"id":3800,"date":"2021-11-01T08:57:00","date_gmt":"2021-11-01T06:57:00","guid":{"rendered":"http:\/\/winw.de\/dsa\/?page_id=3800"},"modified":"2021-11-01T09:05:27","modified_gmt":"2021-11-01T07:05:27","slug":"zugang-privater-bereich","status":"publish","type":"page","link":"https:\/\/winw.de\/dsa\/?page_id=3800","title":{"rendered":"Zugang Privater Bereich"},"content":{"rendered":"\n<p>Der private Bereich enth\u00e4lt Inhalte, die nicht f\u00fcr die \u00d6ffentlichkeit bestimmt sind.<\/p>\n\n\n\n<div class=\"wp-block-image\"><figure class=\"aligncenter size-large is-resized\"><a href=\"http:\/\/winw.de\/dsa\/?page_id=3775\" target=\"_blank\" rel=\"noopener\"><img loading=\"lazy\" decoding=\"async\" src=\"http:\/\/winw.de\/dsa\/wp-content\/uploads\/Zugang-zum-privaten-Bereich-1024x577.png\" alt=\"\" class=\"wp-image-3804\" width=\"545\" height=\"307\" srcset=\"https:\/\/winw.de\/dsa\/wp-content\/uploads\/Zugang-zum-privaten-Bereich-1024x577.png 1024w, https:\/\/winw.de\/dsa\/wp-content\/uploads\/Zugang-zum-privaten-Bereich-300x169.png 300w, https:\/\/winw.de\/dsa\/wp-content\/uploads\/Zugang-zum-privaten-Bereich-768x433.png 768w, https:\/\/winw.de\/dsa\/wp-content\/uploads\/Zugang-zum-privaten-Bereich-1536x865.png 1536w, https:\/\/winw.de\/dsa\/wp-content\/uploads\/Zugang-zum-privaten-Bereich.png 1640w\" sizes=\"auto, (max-width: 545px) 100vw, 545px\" \/><\/a><\/figure><\/div>\n\n\n\n<p><\/p>\n","protected":false},"excerpt":{"rendered":"<p>Der private Bereich enth\u00e4lt Inhalte, die nicht f\u00fcr die \u00d6ffentlichkeit bestimmt sind.<\/p>\n","protected":false},"author":62,"featured_media":0,"parent":0,"menu_order":0,"comment_status":"closed","ping_status":"closed","template":"","meta":{"footnotes":""},"class_list":["post-3800","page","type-page","status-publish","hentry"],"publishpress_future_action":{"enabled":false,"date":"2026-05-01 15:19:51","action":"change-status","newStatus":"draft","terms":[],"taxonomy":""},"publishpress_future_workflow_manual_trigger":{"enabledWorkflows":[]},"_links":{"self":[{"href":"https:\/\/winw.de\/dsa\/index.php?rest_route=\/wp\/v2\/pages\/3800","targetHints":{"allow":["GET"]}}],"collection":[{"href":"https:\/\/winw.de\/dsa\/index.php?rest_route=\/wp\/v2\/pages"}],"about":[{"href":"https:\/\/winw.de\/dsa\/index.php?rest_route=\/wp\/v2\/types\/page"}],"author":[{"embeddable":true,"href":"https:\/\/winw.de\/dsa\/index.php?rest_route=\/wp\/v2\/users\/62"}],"replies":[{"embeddable":true,"href":"https:\/\/winw.de\/dsa\/index.php?rest_route=%2Fwp%2Fv2%2Fcomments&post=3800"}],"version-history":[{"count":2,"href":"https:\/\/winw.de\/dsa\/index.php?rest_route=\/wp\/v2\/pages\/3800\/revisions"}],"predecessor-version":[{"id":3806,"href":"https:\/\/winw.de\/dsa\/index.php?rest_route=\/wp\/v2\/pages\/3800\/revisions\/3806"}],"wp:attachment":[{"href":"https:\/\/winw.de\/dsa\/index.php?rest_route=%2Fwp%2Fv2%2Fmedia&parent=3800"}],"curies":[{"name":"wp","href":"https:\/\/api.w.org\/{rel}","templated":true}]}}