{"id":451,"date":"2013-02-13T16:12:53","date_gmt":"2013-02-13T14:12:53","guid":{"rendered":"http:\/\/winw.de\/dsa\/?page_id=451"},"modified":"2014-05-08T08:56:23","modified_gmt":"2014-05-08T05:56:23","slug":"intel-leibniz-challenge","status":"publish","type":"page","link":"https:\/\/winw.de\/dsa\/?page_id=451","title":{"rendered":"Intel Leibniz Challenge"},"content":{"rendered":"<p><a href=\"http:\/\/winw.de\/dsa\/wp-content\/uploads\/intel-team.jpg\"><img loading=\"lazy\" decoding=\"async\" class=\"alignnone size-medium wp-image-1108\" alt=\"intel-team\" src=\"http:\/\/winw.de\/dsa\/wp-content\/uploads\/intel-team-300x225.jpg\" width=\"300\" height=\"225\" srcset=\"https:\/\/winw.de\/dsa\/wp-content\/uploads\/intel-team-300x225.jpg 300w, https:\/\/winw.de\/dsa\/wp-content\/uploads\/intel-team-1024x768.jpg 1024w\" sizes=\"auto, (max-width: 300px) 100vw, 300px\" \/><\/a><\/p>\n<p>Seit drei Jahren haben Sch\u00fcler aus dem Deutschen Goethe-Kolleg an der Intel Leibniz Challenge teilgenommen. Von 2011 bis 2013 waren es jeweils ein, \u00a0f\u00fcnf bzw. zwei Teams, die ihre Gehirne angestrengt haben.<\/p>\n<p>Die Intel Leibniz Challenge ist ein Wettbewerb, an dem Teams von Sch\u00fclern aus der 9. bis 13. Klasse teilnehmen k\u00f6nnen. Im Gro\u00dfen und Ganzen ging es um IT, Windenergie, Software, Umwelt, Solarzellen, elektrische Signale und im diesen Jahr um eine Wetterstation, welche die Teilnehmer selber machen werden. Die Teams l\u00f6sen viermal jeweils einen Monat lang Aufgaben, die aus vier Teilthemen bestehen. Dabei erh\u00e4lt man neue Erkenntnisse, f\u00fchrt Experimente durch und das Teamwork entwickelt sich. \u201eAu\u00dferdem k\u00f6nnen die Erfahrungen entscheidend f\u00fcr euren beruflichen Lebensweg sein. Ihr k\u00f6nnt also nur gewinnen \u2013 macht mit und zeigt, was ihr drauf habt. Ihr seid die Zukunft\u201c, lautet der Aufruf der Intel-Seite. Der Wettbewerb erm\u00f6glicht neue T\u00e4tigkeitsfelder, wie zum Beispiel Informatik, Physik, Elektrotechnik und ein bisschen Architektur. Wie schon der Name des Wettbewerbs andeutet, wird der Wettbewerb von der Leibniz Universit\u00e4t Hannover und der Intel GmbH veranstaltet. Und die einzige Bedingung zum Teilnehmen ist, dass man gut Deutsch k\u00f6nnen muss \u2013 also ganz einfach f\u00fcr uns am Goethe Kolleg!<br \/>\n<!--nextpage--><br \/>\nHerr Karl Sch\u00fcmann, ehemaliger Physik- und Mathelehrer bei uns in der Schule, hat die damalige (2011) 9C Klasse auf diesen Wettbewerb aufmerksam gemacht. Die einzige Gruppe aus Rum\u00e4nien, die damals am Wettbewerb teilgenommen hat, war die Gruppe \u201eGoethe9C-2011\u201c, die insgesamt 115,75 Punkte von maximal 136 geschafft, die sie auf den 135-ten Platz von 818\u00a0 gebracht haben.<br \/>\nLetzten Jahr haben nur zwei Teams von den f\u00fcnfen, die sich registriert haben, bis zur letzten Runde es geschafft, die Aufgaben zu l\u00f6sen. Diese zwei Teams haben jeweils 107,45 und 132,25 Punkte aus 136 erhalten und haben die Intel Leibniz Challenge mit &#8220;sehr gutem Erfolg&#8221; beendet. Diese zwei Teams waren im Spitzenfeld, das Team Goethe10C-2011 erreichte sogar den 18. Platz aus 1024 Teams.\u00a02013 war ein gutes Jahr f\u00fcr das Team &#8220;Jderii cei cu 5 capete&#8221;, die in den ersten 1,73% das Wettbewerb beendet haben.<\/p>\n<p>Eine Meinung vom Wettbewerb ist, dass man durch diesen Wettbewerb einen neuen Typ von Wettbewerb entdeckt hat. &#8220;Ich will sp\u00e4ter in diesem Bereich t\u00e4tig werden und somit hilft mir der Wettbewerb sehr viel. Auch wenn man glaubt \u201cIch bin nicht gut in Physik oder Informatik\u201d sollte man teilnehmen, denn es ist eine gute Chance, neue Sachen durch Experimentieren zu lernen. Ich m\u00f6chte unserem ehemaligen Klassenlehrer, Karl Sch\u00fcmann, und unserem neuen Klassenlahrer, Oliver Manger, danken, weil sie uns durch alles unterst\u00fctzt haben. Ein gro\u00dfes DANKESCH\u00d6N im Namen von allen, die bis jetzt an diesem Wettbewerb teilnahmen.&#8221;<br \/>\nw<br \/>\nLeider haben sich die Partnern Intel GMbH und die Leibniz Universit\u00e4t Hannover entschieden, das Wettbewerb zu beenden, da sie an anderen mehr wichtigere Sachen konzentrieren wollen. Der offiziele Bericht k\u00f6nnen sie hier finden:\u00a0<a title=\"Intel Leibniz Challenge\" href=\"http:\/\/intel-leibniz-challenge.de\">Intel Leibniz Challenge<\/a>.<\/p>\n<p>Wir w\u00fcnschen den diesj\u00e4hrigen Teilnehmern viel Spa\u00df und Erfolg!<\/p>\n","protected":false},"excerpt":{"rendered":"<p>Seit drei Jahren haben Sch\u00fcler aus dem Deutschen Goethe-Kolleg an der Intel Leibniz Challenge teilgenommen. Von 2011 bis 2013 waren es jeweils ein, \u00a0f\u00fcnf bzw. zwei Teams, die ihre Gehirne angestrengt haben. Die Intel Leibniz Challenge ist ein Wettbewerb, an dem Teams von Sch\u00fclern aus der 9. bis 13. Klasse teilnehmen k\u00f6nnen. Im Gro\u00dfen und [&hellip;]<\/p>\n","protected":false},"author":6,"featured_media":0,"parent":214,"menu_order":0,"comment_status":"closed","ping_status":"closed","template":"","meta":{"footnotes":""},"class_list":["post-451","page","type-page","status-publish","hentry"],"publishpress_future_action":{"enabled":false,"date":"2026-05-01 16:53:21","action":"change-status","newStatus":"draft","terms":[],"taxonomy":""},"publishpress_future_workflow_manual_trigger":{"enabledWorkflows":[]},"_links":{"self":[{"href":"https:\/\/winw.de\/dsa\/index.php?rest_route=\/wp\/v2\/pages\/451","targetHints":{"allow":["GET"]}}],"collection":[{"href":"https:\/\/winw.de\/dsa\/index.php?rest_route=\/wp\/v2\/pages"}],"about":[{"href":"https:\/\/winw.de\/dsa\/index.php?rest_route=\/wp\/v2\/types\/page"}],"author":[{"embeddable":true,"href":"https:\/\/winw.de\/dsa\/index.php?rest_route=\/wp\/v2\/users\/6"}],"replies":[{"embeddable":true,"href":"https:\/\/winw.de\/dsa\/index.php?rest_route=%2Fwp%2Fv2%2Fcomments&post=451"}],"version-history":[{"count":12,"href":"https:\/\/winw.de\/dsa\/index.php?rest_route=\/wp\/v2\/pages\/451\/revisions"}],"predecessor-version":[{"id":1111,"href":"https:\/\/winw.de\/dsa\/index.php?rest_route=\/wp\/v2\/pages\/451\/revisions\/1111"}],"up":[{"embeddable":true,"href":"https:\/\/winw.de\/dsa\/index.php?rest_route=\/wp\/v2\/pages\/214"}],"wp:attachment":[{"href":"https:\/\/winw.de\/dsa\/index.php?rest_route=%2Fwp%2Fv2%2Fmedia&parent=451"}],"curies":[{"name":"wp","href":"https:\/\/api.w.org\/{rel}","templated":true}]}}