{"id":885,"date":"2013-11-21T08:35:15","date_gmt":"2013-11-21T06:35:15","guid":{"rendered":"http:\/\/winw.de\/dsa\/?page_id=885"},"modified":"2013-11-28T08:30:24","modified_gmt":"2013-11-28T06:30:24","slug":"thessaloniki","status":"publish","type":"page","link":"https:\/\/winw.de\/dsa\/?page_id=885","title":{"rendered":"Thessaloniki"},"content":{"rendered":"<p>Zwei unserer Klassenkameraden, Isabella Albu\u00a0und Boris Creimerman\u00a0<span style=\"color: #333333;\">, haben an einem balkanischen\u00a0<\/span><span style=\"color: #000000;\">Sportwettbewerb<\/span><span style=\"color: #333333;\">\u00a0<wbr \/>der deutschen Schulen, der in Thessaloniki stattgefunden hat, teilgenommen.\u00a0<\/span>Boris ist mit zwei Silbermedaillen (100 Meter und Weitsprung) heimgekehrt.\u00a0Die Volleyballmannschaft hat gegen ein athenisches und ein t\u00fcrkisches Team gespielt und ist leider nicht in die n\u00e4chste Runde gekommen.\u00a0Die M\u00e4dels haben sich fest vorgenommen, das n\u00e4chste Mal ihr Ergebnis zu verbessern.<br \/>\nDie ganze Gruppe war sehr begeistert von der riesigen Sporthalle (etwa viermal so gro\u00df wie unsere) und den unz\u00e4hlbaren, modernen Sportpl\u00e4tzen.\u00a0Alle waren der Meinung, dass die Griechen sehr viel in den Jugendsport und in ihre kommenden Sportstars investieren.<\/p>\n<div><\/div>\n<div>\n<div align=\"right\">Olteanu Ana Maria (10C)<\/div>\n<\/div>\n<div><\/div>\n<div><\/div>\n\r\n\t<div class=\"slideshow_container slideshow_container_style-light\" style=\"height: 400px; \" data-slideshow-id=\"884\" data-style-name=\"style-light\" data-style-version=\"2.3.1\" >\r\n\r\n\t\t\t\t\t<div class=\"slideshow_loading_icon\"><\/div>\r\n\t\t\r\n\t\t<div class=\"slideshow_content\" style=\"display: none;\">\r\n\r\n\t\t\t<div class=\"slideshow_view\">\r\n\t\t\t\t<div class=\"slideshow_slide slideshow_slide_image\">\r\n\t\t\t\t\t\t\t\t\t\t\t<img src=\"https:\/\/winw.de\/dsa\/wp-content\/uploads\/DSCN0286.jpg\" alt=\"DSCN0286\" width=\"2816\" height=\"2112\" \/>\r\n\t\t\t\t\t\t\t\t\t\t<div class=\"slideshow_description_box slideshow_transparent\">\r\n\t\t\t\t\t\t\t\t\t\t\t\t\t\t\t\t\t<\/div>\r\n\t\t\t\t<\/div>\r\n\r\n\t\t\t\t\t\t<div style=\"clear: both;\"><\/div><\/div><div class=\"slideshow_view\">\r\n\t\t\t\t<div class=\"slideshow_slide slideshow_slide_image\">\r\n\t\t\t\t\t\t\t\t\t\t\t<img src=\"https:\/\/winw.de\/dsa\/wp-content\/uploads\/DSCN0306.jpg\" alt=\"DSCN0306\" width=\"2112\" height=\"2816\" \/>\r\n\t\t\t\t\t\t\t\t\t\t<div class=\"slideshow_description_box slideshow_transparent\">\r\n\t\t\t\t\t\t\t\t\t\t\t\t\t\t\t\t\t<\/div>\r\n\t\t\t\t<\/div>\r\n\r\n\t\t\t\t\t\t<div style=\"clear: both;\"><\/div><\/div><div class=\"slideshow_view\">\r\n\t\t\t\t<div class=\"slideshow_slide slideshow_slide_image\">\r\n\t\t\t\t\t\t\t\t\t\t\t<img src=\"https:\/\/winw.de\/dsa\/wp-content\/uploads\/DSCN0314.jpg\" alt=\"DSCN0314\" width=\"2816\" height=\"2112\" \/>\r\n\t\t\t\t\t\t\t\t\t\t<div class=\"slideshow_description_box slideshow_transparent\">\r\n\t\t\t\t\t\t\t\t\t\t\t\t\t\t\t\t\t<\/div>\r\n\t\t\t\t<\/div>\r\n\r\n\t\t\t\t\t\t<div style=\"clear: both;\"><\/div><\/div>\r\n\t\t<\/div>\r\n\r\n\t\t<div class=\"slideshow_controlPanel slideshow_transparent\" style=\"display: none;\"><ul><li class=\"slideshow_togglePlay\" data-play-text=\"Abspielen\" data-pause-text=\"Pause\"><\/li><\/ul><\/div>\r\n\r\n\t\t<div class=\"slideshow_button slideshow_previous slideshow_transparent\" role=\"button\" data-previous-text=\"Zur\u00fcck\" style=\"display: none;\"><\/div>\r\n\t\t<div class=\"slideshow_button slideshow_next slideshow_transparent\" role=\"button\" data-next-text=\"N\u00e4chstes\" style=\"display: none;\"><\/div>\r\n\r\n\t\t<div class=\"slideshow_pagination\" style=\"display: none;\" data-go-to-text=\"Gehe zum Bild\"><div class=\"slideshow_pagination_center\"><\/div><\/div>\r\n\r\n\t\t<!-- WordPress Slideshow Version 2.3.1 -->\r\n\r\n\t\t\t<\/div>\r\n\r\n\n","protected":false},"excerpt":{"rendered":"<p>Zwei unserer Klassenkameraden, Isabella Albu\u00a0und Boris Creimerman\u00a0, haben an einem balkanischen\u00a0Sportwettbewerb\u00a0der deutschen Schulen, der in Thessaloniki stattgefunden hat, teilgenommen.\u00a0Boris ist mit zwei Silbermedaillen (100 Meter und Weitsprung) heimgekehrt.\u00a0Die Volleyballmannschaft hat gegen ein athenisches und ein t\u00fcrkisches Team gespielt und ist leider nicht in die n\u00e4chste Runde gekommen.\u00a0Die M\u00e4dels haben sich fest vorgenommen, das n\u00e4chste Mal [&hellip;]<\/p>\n","protected":false},"author":1,"featured_media":0,"parent":905,"menu_order":0,"comment_status":"closed","ping_status":"closed","template":"","meta":{"footnotes":""},"class_list":["post-885","page","type-page","status-publish","hentry"],"publishpress_future_action":{"enabled":false,"date":"2026-05-01 15:18:19","action":"change-status","newStatus":"draft","terms":[],"taxonomy":""},"publishpress_future_workflow_manual_trigger":{"enabledWorkflows":[]},"_links":{"self":[{"href":"https:\/\/winw.de\/dsa\/index.php?rest_route=\/wp\/v2\/pages\/885","targetHints":{"allow":["GET"]}}],"collection":[{"href":"https:\/\/winw.de\/dsa\/index.php?rest_route=\/wp\/v2\/pages"}],"about":[{"href":"https:\/\/winw.de\/dsa\/index.php?rest_route=\/wp\/v2\/types\/page"}],"author":[{"embeddable":true,"href":"https:\/\/winw.de\/dsa\/index.php?rest_route=\/wp\/v2\/users\/1"}],"replies":[{"embeddable":true,"href":"https:\/\/winw.de\/dsa\/index.php?rest_route=%2Fwp%2Fv2%2Fcomments&post=885"}],"version-history":[{"count":3,"href":"https:\/\/winw.de\/dsa\/index.php?rest_route=\/wp\/v2\/pages\/885\/revisions"}],"predecessor-version":[{"id":895,"href":"https:\/\/winw.de\/dsa\/index.php?rest_route=\/wp\/v2\/pages\/885\/revisions\/895"}],"up":[{"embeddable":true,"href":"https:\/\/winw.de\/dsa\/index.php?rest_route=\/wp\/v2\/pages\/905"}],"wp:attachment":[{"href":"https:\/\/winw.de\/dsa\/index.php?rest_route=%2Fwp%2Fv2%2Fmedia&parent=885"}],"curies":[{"name":"wp","href":"https:\/\/api.w.org\/{rel}","templated":true}]}}